 + z. What is the units digit of z?
7
Let z(o) = 3*o**2 - 14*o - 571. What is the units digit of z(-31)?
6
Let g = -15 + 10. Let l(j) = j**3 + 6*j**2 - 5*j - 5. What is the tens digit of l(g)?
4
What is the hundreds digit of 820 + (32 - 30)/((-2)/5)?
8
Let m(f) = f + 21. Let t be m(-13). Suppose -t*g + 694 = -1186. What is the hundreds digit of g?
2
Suppose 43*x - 6035 = 48790. What is the tens digit of x?
7
Let n = -144 - -102. Let h(f) = -f**2 - 15*f - 22. Let k be h(-12). What is the tens digit of 228/k - (-12)/n?
1
What is the hundreds digit of 4*712/(6 + -2)?
7
Suppose 8*j + 1110 = 8366. What is the units digit of j?
7
Suppose 11*m = 7*m + 480. Suppose -2*u + 124 = -c - c, -4*c = -2*u + m. What is the units digit of u?
4
Suppose 2*s - 1 = s - 2*w, -4*s + 4*w + 40 = 0. Suppose -3*l = -s - 8. What is the units digit of l?
5
Suppose 5*o + 3*a - 872 = 3*o, -5*o + 4*a + 2134 = 0. What is the hundreds digit of o?
4
Let n = -49 + 5. Let z = -4 + 8. What is the units digit of n/(-33)*18/z?
6
Let o(b) = -18*b + 36*b - 21*b - 16. What is the units digit of o(-8)?
8
Suppose 2*c + 2*c = l - 18, 3*l + c - 2 = 0. Suppose -o - 13 = -l*o. What is the units digit of (9 - o) + -1 + 45?
0
Let u be (1/(-1))/(1/(-3)). Suppose 5*m + 5*j = -30, 0 = -2*j - u + 9. Let h = 11 + m. What is the units digit of h?
2
Suppose h - 46 = -2*c + 104, c + 457 = 3*h. What is the hundreds digit of h?
1
Let j be (-34)/10 - (-2)/5. Let a be 1 + 1 + (-42)/j. Suppose a = c + c. What is the units digit of c?
8
What is the hundreds digit of ((-3894)/(-30))/(3/15)?
6
Let y = 762 - 287. What is the units digit of y?
5
Suppose -5*n + 5*s + 1625 = 0, -n - 999 = -4*n - 5*s. Suppose -3*u - 43 = -n. What is the tens digit of u?
9
Suppose h - 1930 = -2*d - 3*d, 0 = -5*h + 25. What is the units digit of (-5 - d/5)*-1?
2
Suppose -s - 181 = -5*m, 17 - 1 = 4*s. What is the units digit of m?
7
Let t(x) = -2*x**2 - 93*x - 32. What is the hundreds digit of t(-37)?
6
Let t = -140 - -142. Let y(s) = s**2 + 2*s + 0 + 1 - 2. What is the units digit of y(t)?
7
Suppose -31*b = -61*b + 61020. What is the thousands digit of b?
2
Suppose 0 = -0*k + 3*k + 3*t - 21, -5*k - 3*t + 43 = 0. Suppose -16*r = -k*r - 415. What is the units digit of r?
3
Let c = -18 - -36. Suppose -c = 12*i - 6*i. What is the tens digit of i/(3 - -3)*-86?
4
Let l = -105 + 566. What is the units digit of l?
1
Let k(t) = -5*t**2 + 2*t - 2. Let q be k(4). Let y be (-17)/7 + 2 - 899/(-7). Let m = y + q. What is the tens digit of m?
5
Let i(n) = -11*n - 1. Let g be i(1). Let j be (-18)/g*4/3. Suppose 3*l = -j*d + 119, -304 = -4*d - 5*l - 67. What is the tens digit of d?
5
Suppose -4*w + 524 = 16. Let f = -73 + w. What is the tens digit of f?
5
Suppose -91*q + 108 = -87*q. What is the tens digit of q?
2
Let p(l) = 4*l + 22. Let d(t) = -t**2 + 24*t + 6. Let b be d(24). What is the units digit of p(b)?
6
Suppose 0 = -c + 3 - 0. Suppose k + c*p = 10, -2*k + 5*p = k - 2. Suppose k*j - j + 9 = 0, -81 = -2*y - 3*j. What is the units digit of y?
5
Suppose 4*y + t - 50 = 0, -4*y + t = -33 - 13. What is the tens digit of (259 - 1) + y/4?
6
Let v = 3 - -1. Let f = 37 - v. What is the units digit of f?
3
Let f be (-2)/(3*(-4)/30). Suppose -5*t - f*p + 20 = 0, -2*p + 3*p = -3*t + 8. Suppose a = -t*a + x + 87, 3*x - 9 = 0. What is the tens digit of a?
3
Let z(w) = -w**3 + 36*w**2 - 15*w - 7. What is the units digit of z(32)?
9
What is the units digit of (1/(-3)*3 - 1)*-52?
4
Let x be (6 - 4)*(-5)/2. Let m(b) = -b**2 - 5*b - 3. Let p be m(x). What is the tens digit of p*((-23)/3 + -2)?
2
Let d = 3 + 0. Suppose 3*w = -0*w. Suppose w = -d*j + 118 - 37. What is the tens digit of j?
2
Let h be (-4)/(3*6/(-45)). Suppose 3*u + m + 4*m + h = 0, 6 = 2*u - 3*m. Suppose u*i - 4 = -4*i. What is the units digit of i?
1
Let n be 3/(8/((-112)/(-6))). Let o(m) = m**2 + 7*m + 1. Let q(b) = -2*b**2 - 7*b. Let y(v) = 3*o(v) + 2*q(v). What is the units digit of y(n)?
3
Let k = -67 - -776. What is the tens digit of k?
0
What is the tens digit of 2 + 0 + (-20 - -1223)?
0
Let k = -422 + 296. Let a = k + 271. Suppose 0 = -0*h - 4*h - 3*f + a, -5*h - 4*f + 182 = 0. What is the tens digit of h?
3
Let q(b) = -b**3 + 9*b**2 - 6*b + 44. What is the hundreds digit of q(7)?
1
Suppose -8*r - r = -11880. What is the units digit of r?
0
Suppose -5*c - 45 = 2*u, c + 5*u + 30 + 2 = 0. Let m be (-1 - 1) + (c - -12). Suppose -m*y + 5*y = 18. What is the units digit of y?
9
Let u = -24 + 60. What is the tens digit of u?
3
Suppose 0 = 5*a + 11 + 54. Let q(x) = -6*x - 3. Let j be q(-2). Let p = j - a. What is the tens digit of p?
2
Let o be 1 + 9/((-18)/8). What is the units digit of 112 + -6*((-9)/6)/o?
9
Let n be 8/12 + (-1682)/(-6). Suppose 919 = 16*l - n. What is the units digit of l?
5
Let s be (-10)/(-1*(-1 + 3)). Suppose 0 = s*r + 5*h + 40, -5*r + 2*h - 5*h - 40 = 0. What is the units digit of 6/9 + r/(-6)?
2
Suppose 1324 = 2*o - u, 3*o - 2004 = -9*u + 6*u. What is the units digit of o?
4
Let g = -6 + 9. Suppose n = -o - 0 - g, -3*n + 3*o - 27 = 0. Let j(y) = y**2 + 2*y - 3. What is the units digit of j(n)?
1
Suppose 11531 = 5*d + 8*d. What is the units digit of d?
7
Let y = -469 - -399. Let d = 270 - 167. Let l = d + y. What is the tens digit of l?
3
Suppose 21*s = -6*s + 2646. What is the units digit of s?
8
Let w(s) = -2*s**2 + 15*s - 14. Let a be w(6). Suppose -1 = -u, a*c - 4*u - 170 = 182. What is the tens digit of c?
8
Suppose -5*k = 3*y - 2352, -2*y + 5*k + 1412 = -131. What is the units digit of y?
9
Suppose -2506 - 2191 = -7*o. What is the tens digit of o?
7
Suppose -12 = -6*u - 0. Suppose -u*i + 4*i = 8, 4*i = -2*m + 152. What is the units digit of m?
8
Let t(n) = n**3 + 4*n**2 - 6*n - 3. Let l be t(-5). Let j be (-1 - -1) + (8 - l). Suppose -274 + 22 = -j*q. What is the units digit of q?
2
Let r(p) = 2*p + 24. Let h(b) = b + 11. Let w(q) = 7*h(q) - 3*r(q). Suppose a - 4*a - g = -12, 4*a + 3*g - 11 = 0. What is the tens digit of w(a)?
1
Suppose 863 = 4*y + 163. What is the hundreds digit of y?
1
What is the units digit of (4 - 642/3)/((-28)/56)?
0
Suppose 4*f = -17 - 147. Let y = f + 99. What is the tens digit of y?
5
Let b = 757 + -538. What is the tens digit of b?
1
Let n = 112 - 15. What is the units digit of n?
7
Let r(q) = -q**2 - 23*q + 3. Let l be r(-23). Suppose -4*i - 5*p + 67 = 0, l*i - 4*p - 27 = -0*p. What is the tens digit of i?
1
Let b(z) = -z**3 - z**2 - z + 1. Let j be b(-2). Suppose -c + 14 = 2*q - 3*c, -3*c = 4*q - j. What is the units digit of q?
4
Let p = 184 - 73. Suppose -4*w - w = -2*d + p, -2*w = -2*d + 108. What is the tens digit of d?
5
Suppose -3 = 3*a - 12. Let z(n) be the first derivative of 7*n**2/2 + 10. What is the tens digit of z(a)?
2
Let y be 4/(-8) + (-52)/(-8). Let r(h) = 20*h + 7. What is the units digit of r(y)?
7
Let l(v) = -v**2 + v + 32. Let q be l(0). Suppose -35*r + q*r = -726. What is the units digit of r?
2
Let w = 1446 + 173. What is the hundreds digit of w?
6
Suppose 3*d + 21 + 18 = 0. Let k = d + 15. Suppose 0 = -k*j - 3*j + 55. What is the tens digit of j?
1
Let c = 488 - 262. Let s = c + -92. What is the hundreds digit of s?
1
Let o(g) = -g**3 + 45*g**2 + 29*g + 26. What is the units digit of o(45)?
1
Suppose -16 = -4*h - 3*x + 110, -4*h + 2*x + 116 = 0. Suppose -b = -h - 23. What is the units digit of b?
3
Let b = 16 + -12. Suppose f - 20 - 3 = 2*n, 4*n - 56 = -b*f. Suppose -f = -3*q + 13. What is the tens digit of q?
1
Let s = 175 + 25. Suppose 0 = 5*j - 2*l - s, -2*j = -6*l + l - 59. What is the tens digit of j?
4
Suppose 3*f - 62 = 2*f. Suppose -4*q = z - f, 0 = -4*q + 2*z + 9 + 47. Suppose -2*x - x = -3*v - q, -2*v = x - 11. What is the units digit of x?
7
Let x(t) = -t**2 - 6*t - 1. Let y be x(-5). Suppose 292 = y*o - 108. What is the tens digit of o?
0
Suppose 3*a + 3*y - 1929 = 0, -2840 + 250 = -4*a + 2*y. What is the tens digit of a?
4
Let w(h) = -h**3 - h**2 + 3*h. Let v be w(-3). Let y be (-4)/50 + 889/175. Suppose v = 8*a - y*a. What is the units digit of a?
3
Suppose -n - 11 + 13 = 0. Suppose 3*z + 3 = 0, -y + 21 = -n*z - 78. What is the units digit of y?
7
Suppose -2262 + 712 = -10*m. What is the hundreds digit of m?
1
Let v = 87 + 73. Let m(p) = 90*p**3 - 2*p**2 - 2*p - 1. Let z be m(-1). Let a = v + z. W